/66)/(c/(-126)). Suppose 133 + 3 = 4*i + 4*m, -a = -i - 3*m. List the prime factors of i.
2, 3, 5
Let a(t) be the third derivative of -t**4/12 + 13*t**3/2 + 25*t**2. Let l be a(15). Suppose l*r = 11*r - 156. What are the prime factors of r?
2, 3, 13
Suppose 0 = -5*w + w + 16. Suppose -5*f + w = -6. What are the prime factors of -9*1/f*-6?
3
Let o be (807/6)/(21/(-42)). Let x = -178 - o. What are the prime factors of x?
7, 13
Suppose 23*s - 27 = 20*s. Suppose -s*y + 13692 = 3*y. List the prime factors of y.
7, 163
Suppose 4*c + 47 = 59. Suppose -18 + c = -5*g. Suppose 0 = -3*v - 3*s + 26 + 106, 3*v = g*s + 144. List the prime factors of v.
2, 23
Let m be (-12 + 52)*(14 - 1). Suppose -77*r = -82*r + m. Suppose -g - 4*z = -56, r = 2*g + 3*z + z. List the prime factors of g.
2, 3
Let q(p) = 3755*p - 100. What are the prime factors of q(2)?
2, 3, 5, 13, 19
Suppose 45*x - 41*x + 12 = s, -3*s - 15 = 5*x. Suppose s = 12*n - 13211 - 5353. What are the prime factors of n?
7, 13, 17
Let q = -71 + 74. Suppose -q*c = -19 - 8. Suppose w + c = 14. What are the prime factors of w?
5
Let m(n) = -n**3 - n**2 + 9*n - 2. List the prime factors of m(-7).
229
Suppose 2*l + 4*r = 1372 + 1608, -l + 1499 = -r. What are the prime factors of l?
2, 11, 17
What are the prime factors of (17 - 20)*(2*9893/(-6) + 2)?
9887
What are the prime factors of (-25)/(-45) + (-16160972)/(-477)?
17, 1993
Let a(m) = -312*m + 785. What are the prime factors of a(-15)?
5, 1093
Suppose 1342 = -46*c + 32340 - 1972. List the prime factors of c.
631
Let w = 15 - 24. Let t(o) = 2*o**2 + 7*o + 6. Let n be t(-5). What are the prime factors of (-36)/w + 1 + 0 + n?
2, 13
Let a be ((-4)/10)/(((-4)/(-455))/(-4)). Suppose 235 + a = i. List the prime factors of i.
3, 139
Suppose 39*u - 40*u + 2 = 0. Suppose 31 = 3*a - u. Suppose 18*b - a*b - 245 = 0. What are the prime factors of b?
5, 7
Let j(o) = 3027*o + 4408. List the prime factors of j(11).
5, 7541
Let l be ((-1106)/21 + 1)*-216. Suppose l = 14*s - 4*s. List the prime factors of s.
2, 3, 31
Let t = -30 - -92. Let c = 62 - t. Suppose -3*b + 72 + 135 = c. What are the prime factors of b?
3, 23
Let b(n) = -2*n**2 - 19*n + 29. Let d be b(-21). Suppose -500 = -f - 2*m + 196, f = 4*m + 678. Let z = d + f. What are the prime factors of z?
2, 59
Suppose 0 = s - 8*s - 455. Let x = s - -84. List the prime factors of x.
19
Let n = 14 + -13. Let u(q) = 78*q**3 + q**2 - 2*q + 1. Let c be u(n). Suppose 0 = -5*w - c + 268. What are the prime factors of w?
2, 19
Suppose 8*v - 15 = 153. Let q = -6 + v. Let r(f) = -f**3 + 15*f**2 - f + 26. What are the prime factors of r(q)?
11
Suppose 593725 + 2606 = 53*k - 597388. What are the prime factors of k?
101, 223
What are the prime factors of (-32)/(3*34/(-42075))?
2, 3, 5, 11
What are the prime factors of 3/(36/24) - -108*329?
2, 109, 163
Let u be (-3 + 57/(-9))*21/(-14). Suppose -11*s + u*s = 2*n + 4550, -3*s + 4562 = 4*n. What are the prime factors of s?
2, 3, 11, 23
Let x(g) = -7*g**2 - 30*g - 44. Let j be x(14). Let t = j + 2824. List the prime factors of t.
2, 13, 19
List the prime factors of 59/6*150/25*199.
59, 199
Let d(s) be the third derivative of -5*s**4 - s**3 + s**2. Let j be d(-1). Suppose -j*r = -109*r - 420. List the prime factors of r.
2, 3, 7
Suppose -12*q = -13*q - 4*d + 7093, 4*q = 2*d + 28318. List the prime factors of q.
73, 97
Let m be 14/3*(-2 + 5). What are the prime factors of -41*(10/4)/((-7)/m)?
5, 41
Suppose 0 = -178*i + 194*i - 59984. What are the prime factors of i?
23, 163
Suppose 94*l - 67406 = 82*l + 22378. List the prime factors of l.
2, 3, 29, 43
Let f be (-42)/(-70) - (-435)/25. Suppose -5*r + 89 = -r - 3*y, 0 = 3*r + y - 57. Suppose -r*a = -f*a - 216. What are the prime factors of a?
2, 3
Let o = 12646 + -11418. What are the prime factors of o?
2, 307
Let b = -1 + -6. Let z be (-4)/(-7)*b/(-2). Suppose 0 = z*n + 3*g - 141, 4*n + g - 91 = 166. List the prime factors of n.
3, 7
Let n(c) = c**2 - 2*c - 15. Let t(q) = q + 11. Let d(s) = s**2 - 14*s - 5. Let z be d(14). Let b be t(z). List the prime factors of n(b).
3
Let i(a) = -a**3 + 68*a**2 + 165*a + 63. List the prime factors of i(53).
3, 16981
Let d(u) = u**3 + 18*u**2 - 5*u - 10. Let l = 79 + -96. List the prime factors of d(l).
2, 7, 13
Let u = 90 - 29. Let w = u - 101. What are the prime factors of w/10 - (-4)/2 - -64?
2, 31
What are the prime factors of ((-2275196)/(-35) - -5) + 108/(-180)?
2, 3, 5, 11, 197
Let k(l) = l**3 + 19*l**2 - 23*l - 65. Let n be k(-20). Let x = -25 - -50. Let i = x + n. List the prime factors of i.
2, 5
Suppose -q + 2144 = 3*g, -g + 5*q - 6*q + 716 = 0. Let h = g + -425. List the prime factors of h.
17
Let d(x) be the third derivative of 0*x + 0 + 13/6*x**3 + 1/30*x**5 + 1/8*x**4 - 26*x**2. What are the prime factors of d(-6)?
67
What are the prime factors of 0 + 39763 + 5 + 6 + 3?
3, 13259
Suppose 0 = s - 12*k + 7*k - 1668, -8220 = -5*s - 5*k. Let p = 2370 - s. List the prime factors of p.
2, 19
Let c(x) = 3*x**2 + 19*x - 302. Suppose 5*v - 3*i = 36 + 55, -5*v + 2*i + 94 = 0. What are the prime factors of c(v)?
2, 3, 71
Let a = 180 + -183. What are the prime factors of (-384)/5*10/a?
2
Let l = 40 - 32. Let a(h) = -7 + 3*h**3 - 2*h**3 + 4*h**2 + 0 + 4*h - l*h**2. List the prime factors of a(6).
89
Suppose 5*k + 3*i = 4*k + 978, 3*k - 2894 = -i. Suppose 3*u = 3*x - 2979, -x - 15*u + 10*u = -k. What are the prime factors of x?
2, 13, 19
Suppose -48*d + 58*d - 55800 = 0. What are the prime factors of (-30)/(-4)*d/225?
2, 3, 31
Let z = -832 + 2273. Suppose -5*d + z = 241. List the prime factors of d.
2, 3, 5
Let n be (-3)/12 - (126/(-24) + 5). Suppose n = -13*t + 1541 + 7494. What are the prime factors of t?
5, 139
Let x = -358 + 363. Suppose 5*v + 5*h = 3080, 8*v - 4*h = x*v + 1820. What are the prime factors of v?
2, 3, 17
Suppose 0*n = 2*n + 2. Let p(b) = -311*b - 7. What are the prime factors of p(n)?
2, 19
Suppose 3*x + 4*b - 201 = -58, 2*x = 2*b + 86. Suppose -38*p - 4984 = -x*p. What are the prime factors of p?
2, 89
Let k(f) = -f - 1. Let b(n) = -13*n - 77. Let d(o) = b(o) - 2*k(o). List the prime factors of d(-38).
7
Suppose 467 = -5*y + 1632. Let h = y - 117. Let k = -74 + h. List the prime factors of k.
2, 3, 7
Let n(d) be the third derivative of d**6/120 + d**5/30 - d**4/4 + 254*d**3/3 - 24*d**2. What are the prime factors of n(0)?
2, 127
Suppose -13*g - 8*g + 7*g = 0. Suppose g*o + o + y - 729 = 0, -2*o + 1473 = 5*y. List the prime factors of o.
2, 181
What are the prime factors of (-49816)/(-195)*(-762)/(-4) - (-20)/(-50)?
2, 3, 8111
Let f be 12/2*(-10)/(-15). Let d(z) = 7*z**3 + 5*z**2 - 2*z + 5. Let q be d(f). Suppose 9*t - q = -120. List the prime factors of t.
3, 5
Let k = -43 - -36. Let o = k + 1. List the prime factors of ((-2)/(-4))/(o/(-936)).
2, 3, 13
Let d = -102 + 117. Suppose -d*l - 141 = -18*l. What are the prime factors of l*4/(-8)*-8?
2, 47
Let i(o) = -o**3 - 7*o**2 - 7. Let y be i(-7). Suppose h + 27 = l - 0*l, -4*h + l - 111 = 0. What are the prime factors of 15*y/h*(19 - -1)?
3, 5
Suppose 4*i + i - 25 = 0. Suppose i = -5*w + 425. What are the prime factors of w?
2, 3, 7
Let c = -1497 + 4272. List the prime factors of c.
3, 5, 37
Suppose -30410 - 70691 = -77*c. List the prime factors of c.
13, 101
Let b(h) = -2*h**3 + h**2 + 8*h + 4. Let x(t) = -39*t + t + 23*t - 5 + 30. Let y be x(2). List the prime factors of b(y).
239
Let t = 61 - 56. Suppose 3*q - q = w - 327, 2*w - t*q - 654 = 0. What are the prime factors of w?
3, 109
Suppose -10*c = 3*x - 50910, 2*x + 0*c + c - 33923 = 0. What are the prime factors of x?
2, 5, 53
Let i(o) = -o**3 - 2*o**2 + 6*o + 2. Suppose 0 = 7*a + 34 + 57. Let b = a - -7. What are the prime factors of i(b)?
2, 5, 11
Let d(n) be the first derivative of 7*n**3 - n**2 - 11*n + 12. What are the prime factors of d(-4)?
3, 37
Let w(m) = -15*m + 22. Let q be (-12)/(-21)*(-7)/(-2). Suppose -6*t - 24 = -q*t. What are the prime factors of w(t)?
2, 7
Let p(u) = 2*u**2 - 10*u + 10. Let d be p(4). Suppose t + 4*t + 5*g = 180, 3*t + d*g - 110 = 0. List the prime factors of t.
2, 19
Suppose -2*m + 1096 = -6634. List the prime factors of m.
5, 773
Let y = -88 + 83. List the prime factors of 315/(-14)*42/y.
3, 7
Let h(g) = 1965*g - 8854. What are the prime fac